b?
16
Let m = 37 + -30. What is the highest common factor of 56 and m?
7
Suppose 20 - 5 = x. Suppose 0 = -3*g - 5*i, -30 = -2*g + 4*i - 8. Calculate the highest common factor of x and g.
5
Let x be 3/9 - 62/6. Let n = 13 + -18. Let k be (-62)/n + 4/x. What is the greatest common divisor of k and 96?
12
Let o = -19 - -33. Let r = o - -4. Calculate the greatest common divisor of 6 and r.
6
Let m(r) = -2*r**3 + 10*r**2 + 15*r - 6. Let t be m(6). Calculate the greatest common factor of t and 4.
4
Let l be (16 - 2)*6/(-7). Let t be 6/((-3)/(6*l)). Calculate the greatest common factor of t and 18.
18
Let x = -51 - -72. Suppose -5*c + 5 = -5*s + 190, -3*s + 95 = 5*c. Let z = s + -21. What is the highest common divisor of x and z?
7
Suppose -p + 4 = -4*w, -3*w - 5*p - 10 = -4*p. Let l be (11/(-4))/(w/8). Calculate the greatest common factor of 77 and l.
11
Let g be (-2)/(2/2) - -180. Let r be -1*3*(-25)/15. Suppose 5*m - 78 = -2*h, -r*h + 2*m + 46 = -g. What is the highest common factor of h and 4?
4
Let u be 168/(-9)*(-6)/4. Let j(v) = -v - 8. Let b be j(-13). Let t be -8 + 10 + b*1. What is the greatest common factor of u and t?
7
Let a be (-1945)/(-45) - (-2)/(-9). Let p be a/3 + 6/9. Calculate the highest common factor of 120 and p.
15
Suppose -4*q + 41 + 31 = 0. Suppose 8*p + 2*p = 180. What is the greatest common divisor of p and q?
18
Suppose 210 = 8*c - 2*c. What is the highest common divisor of 385 and c?
35
Let m(j) = 2*j**2 + 2*j + 5. Let f be m(-4). Suppose -f = -4*l - 1. Calculate the greatest common factor of l and 7.
7
Suppose 374 = 2*f - 2*j, 0*j + 956 = 5*f + 2*j. Suppose -t - x + f = 4*x, 2*t = 3*x + 315. What is the highest common divisor of 15 and t?
15
Let j = -59 + 143. Calculate the greatest common factor of j and 12.
12
Let u(r) = r**3 + 4*r**2 + r - 1. Let g be u(-3). Suppose -g*y - 2*z + 442 = 76, -2*z + 222 = 3*y. Let t = y + 0. What is the highest common divisor of t and 9?
9
Let v(l) = -l - 9. Let k be v(-12). Suppose -q + 17 = -2*r - 2*r, 2*q - k*r - 29 = 0. Calculate the greatest common divisor of q and 104.
13
Let v be 74 - (12/(-4) + 6). Suppose 5*o = -2*r + 118, 5*r = -3*o + 4*r + v. Calculate the highest common divisor of 192 and o.
24
Let o = 2 + 0. Suppose o*s - 92 = w, -s - 2*w + 32 + 9 = 0. What is the highest common factor of 15 and s?
15
Let m = -54 - -81. What is the highest common divisor of 216 and m?
27
Let l be 1326/24 + (-3)/(-4). What is the greatest common divisor of l and 14?
14
Let t = -14 + 4. Let n be 4/t - 148/(-20). Suppose -2*f + 18 = 4*j, 4*f + 2*j + 2*j = 20. Calculate the highest common divisor of n and f.
1
Suppose 0 = -39*p + 36*p + 4*n + 138, 0 = -3*p - 2*n + 138. Suppose -59 = -f + 56. Calculate the greatest common factor of f and p.
23
Let h be (-2 - -2)/(-3) + 5. Suppose -h*j = -4*q - 5, -5*q + j - 4*j = -40. Calculate the greatest common factor of 5 and q.
5
Let d = -106 - -118. Calculate the greatest common divisor of 84 and d.
12
Let b(v) = 5*v**2 - 5*v - 13. Let x be b(9). Suppose -l - d = -3*l + 235, x = 3*l + 4*d. Suppose 3*h + 39 = l. What is the greatest common factor of h and 13?
13
Let t be (4/(-10))/(3/(-105)). Calculate the highest common divisor of 7 and t.
7
Suppose 2*v + 33 = -2*w - 35, 0 = 3*w - v + 86. Let x = -10 - w. Let c = 3 - -1. What is the highest common factor of c and x?
4
Suppose -3*t + 12 = -9. Suppose -3*b = -0*b - 63. What is the highest common divisor of t and b?
7
Let r = -6 + 11. Let q be 2/(-1)*(-412)/8. Suppose 0 = 4*g - 117 - q. Calculate the greatest common factor of g and r.
5
Let y = -34 - -48. Suppose -4*p - 2 = -y. Suppose -p*o = -3 - 114. What is the highest common divisor of 13 and o?
13
Let q = 34 - -57. Calculate the highest common factor of q and 7.
7
Let v(a) = 20*a - 2. Let f be v(4). Calculate the greatest common factor of f and 26.
26
Suppose -2*x = 2*x - w - 316, w = x - 76. Calculate the highest common divisor of x and 40.
40
Suppose -2*w - 3*w - 250 = 0. Let y = 70 + w. What is the greatest common factor of y and 5?
5
Let b(x) = -2*x - 2. Let h be b(-4). Suppose 5*z + 5*a = 328 + 12, z - 63 = 4*a. Let v = z + -37. Calculate the highest common factor of v and h.
6
Let w(m) = 55*m + 1. Let x be w(3). Let y = x - 91. Calculate the highest common divisor of 15 and y.
15
Let l = 210 + 42. Suppose -l = -0*t - 2*t. Suppose 0 = -2*g + 8*g - 108. Calculate the highest common factor of t and g.
18
Suppose 17 = 4*m + 5*l, -l + 3 - 2 = 0. Suppose -38 = -3*f + 25. Let w be (f/6)/(m/54). What is the greatest common divisor of w and 9?
9
Suppose b = 6*b - 5. Calculate the greatest common divisor of b and 1.
1
Let a be (3/(-6))/((-2)/(-24)). Let n be (-4)/a - (-2)/6. Let h = -85 + 87. What is the highest common factor of n and h?
1
Let v(j) = -j**3 + 7*j**2 + 7. Let o be v(7). Suppose 5*a - o - 73 = 0. Calculate the greatest common factor of 64 and a.
16
Suppose -3 = -c + y, 3*c + 0*y + 2*y - 4 = 0. Let i = -71 + 76. What is the greatest common divisor of i and c?
1
Suppose 8*a - 22*a + 504 = 0. Calculate the greatest common factor of 4 and a.
4
Suppose -50 + 162 = p. Suppose 3*o - p = -o. Calculate the greatest common divisor of 70 and o.
14
Let c be (-2)/10 - (-22)/10. Suppose 5*m + 59 = 2*v, -3*v - 4*m - 11 = -65. Calculate the greatest common divisor of v and c.
2
Suppose 4*q + 0*c + 4*c + 8 = 0, 4*q = -5*c - 12. Suppose 0 = -2*r - q*r + 440. Suppose -x + 6*x - r = 0. What is the highest common divisor of 154 and x?
22
Suppose -4*m + 2*l + 64 = 0, 0 = -9*m + 4*m + 4*l + 80. Suppose 0 = -4*a - 2 + 18. What is the highest common divisor of a and m?
4
Let p be (12/(-10))/(8/(-100)). Suppose -z + 9 + 1 = 3*g, -p = 3*z. Suppose -30 = -g*i + 3*i. What is the greatest common divisor of 165 and i?
15
Suppose -3*z = -0*z - 36. Calculate the highest common factor of 48 and z.
12
Let t(w) = -2*w - 4. Let q be t(-4). Suppose c - 2 = j, 0*j = -q*j + 12. Suppose 10*k - 25 = c*k. Calculate the highest common factor of 5 and k.
5
Suppose -2*y - 6 = 3*q, 0*q - 24 = -4*y + 3*q. Suppose 36 = y*z + z. Calculate the highest common factor of 99 and z.
9
Suppose -3 + 45 = 3*l. Suppose -4*m + 50 + 118 = 0. Calculate the highest common factor of m and l.
14
Let o = 20 + -2. What is the highest common divisor of 90 and o?
18
Suppose -4*k = -41 + 9. Let a be (2 - (-124)/(-2))*24/(-20). Calculate the greatest common factor of k and a.
8
Let s(f) = -9*f + 2. Let o be s(-1). Let n be (6 - 0)*(-33)/(-2). What is the highest common factor of n and o?
11
Let g(f) = f**3 + 5*f**2 + f + 5. Let y be g(-5). Suppose y*q + 2*q - 230 = 0. Calculate the highest common factor of q and 23.
23
Let t = 7 - -5. What is the highest common factor of 24 and t?
12
Let f be (-5)/(-1)*(5 - 4). What is the greatest common factor of f and 45?
5
Let n(c) = -2*c - 7. Let m be n(-6). Suppose m*u + 3 = p + 26, -3*u - 3 = 5*p. Let k = 5 - u. What is the greatest common divisor of k and 1?
1
Suppose 0 = 61*y - 66*y + 130. Calculate the highest common divisor of 65 and y.
13
Let s = -1 + 5. Suppose 0 = s*o - o. Let g be (-1)/(o - (-3)/(-627)). What is the greatest common factor of 19 and g?
19
Let v(g) = -g + 5. Let u be v(3). Let t be 1/((21/24)/7). Let i be 5/(-2)*t/(-5). What is the highest common factor of i and u?
2
Let u = -23 - -71. What is the greatest common factor of 32 and u?
16
Suppose -3*s = -5*s + 5*q + 439, 0 = -2*s + 2*q + 448. Suppose 5*d = 73 + s. Let c be 23 + 4/(12/3). Calculate the highest common factor of c and d.
12
Let c(d) = -d**3 + d + 4. Let z be c(0). Let f be 64/36 + 2/9. Let y be 8/1*(2 + f). Calculate the greatest common divisor of z and y.
4
Let u = 19 - -35. Calculate the highest common factor of u and 9.
9
Let j be 2/(-14) + (-2212)/(-49). What is the greatest common factor of 5 and j?
5
Suppose -5*i + 3*i = -84. Calculate the greatest common factor of 28 and i.
14
Let q = -54 - -62. What is the highest common divisor of q and 8?
8
Let b be (-69)/(-9) - (-2)/(-3). Let z(y) = 2*y + 55. Let c be z(-10). Calculate the highest common factor of c and b.
7
Suppose 0 = -3*g + 10*g - 70. Calculate the greatest common divisor of 80 and g.
10
Let f(o) = 20*o + 2. Suppose 0 = -2*l + 4. Let z be f(l). Calculate the highest common divisor of 14 and z.
14
Let m = 525 + -267. Calcula